se 12?
12a9a33
What is 2277385 (base 9) in base 8?
4546712
What is -6868858 (base 9) in base 11?
-2102093
Convert 1064014 (base 7) to base 4.
200210332
a1395 (base 13) to base 3
112122122211
-10111100010101000 (base 2) to base 4
-113202220
61052717 (base 8) to base 15
11e26b8
11100233040 (base 5) to base 10
12117895
21456643 (base 8) to base 15
61157b
440456a (base 11) to base 15
a2c438
Convert -1214411144 (base 5) to base 12.
-b73577
Convert 3041341301 (base 5) to base 8.
27514430
-38984 (base 11) to base 8
-154710
-202030002301 (base 4) to base 10
-8962225
Convert -8fd1a4 (base 16) to base 11.
-535841a
Convert -101010100011111111010111 (base 2) to base 16.
-aa3fd7
What is 11000001110100110 (base 2) in base 8?
301646
What is 3553416 (base 7) in base 14?
ba10d
Convert 5213260 (base 10) to base 4.
103320301030
Convert 38b52 (base 12) to base 15.
18038
Convert 701756 (base 12) to base 9.
3248153
Convert -89011 (base 10) to base 6.
-1524031
335521524 (base 6) to base 3
102120122110021
Convert 14060120 (base 8) to base 15.
42958e
Convert 101241 (base 7) to base 2.
100001101111101
-410026 (base 7) to base 11
-48368
20227152 (base 8) to base 4
100102321222
-2d570 (base 15) to base 5
-14140410
Convert 3da232 (base 16) to base 12.
1429616
Convert 488082 (base 13) to base 16.
1a6b0e
What is 11020122001111 (base 3) in base 12?
909887
Convert 209559 (base 10) to base 6.
4254103
Convert 116253655 (base 7) to base 2.
11100000000010010100100
-1010000001101010101 (base 2) to base 14
-87a29
What is 10112110222101 (base 3) in base 6?
104140401
-110110122110100 (base 3) to base 13
-14b004a
-31202 (base 15) to base 4
-212000312
-20362660 (base 7) to base 2
-110100010001100100111
-11110010100110001100 (base 2) to base 11
-619622
Convert 2311001020 (base 5) to base 4.
103232230222
-2011121012 (base 3) to base 11
-2a106
-27134314 (base 9) to base 15
-1290d04
-1033031 (base 6) to base 13
-1a404
-9c528 (base 13) to base 7
-2262561
10407 (base 14) to base 2
1001100100100111
-15669793 (base 10) to base 2
-111011110001101000100001
What is 32da1b (base 15) in base 4?
21100022312
Convert 9178b7 (base 12) to base 7.
25216414
What is -23403444 (base 5) in base 2?
-110100110000111100
Convert 11110001011110010101101 (base 2) to base 14.
109d873
1ab202 (base 12) to base 13
138572
-5cacc (base 15) to base 5
-33433232
What is 434352150 (base 6) in base 15?
a38b6c
What is -17c87 (base 15) in base 2?
-10010110100010101
Convert -92288 (base 10) to base 16.
-16880
325425 (base 8) to base 14
2bbb7
What is -2322221313 (base 4) in base 16?
-baa77
What is b8aa05 (base 13) in base 6?
232535452
What is 13245130 (base 6) in base 3?
211110000000
What is 367354 (base 9) in base 6?
4431204
-11000000001111101001 (base 2) to base 11
-498679
What is -103334332 (base 5) in base 11?
-287663
Convert -44317 (base 10) to base 14.
-12217
-11204043 (base 5) to base 7
-566033
What is -100220221101 (base 3) in base 5?
-22222303
What is -10000100000010101101 (base 2) in base 5?
-114301340
-4609564 (base 10) to base 11
-2669263
-ec3d5 (base 15) to base 8
-2671055
Convert -100100100101010110011 (base 2) to base 3.
-2020220101221
What is 1201111102201 (base 3) in base 14?
19b763
What is 2102201010 (base 3) in base 14?
13657
660166 (base 9) to base 13
10a325
What is -246d9 (base 15) in base 5?
-12210204
-1014257 (base 8) to base 10
-268463
Convert 1110110100111001100 (base 2) to base 6.
14225124
What is -111110120000212 (base 3) in base 11?
-4048362
Convert 12c3de (base 16) to base 9.
2273853
Convert -12d8c (base 15) to base 11.
-41449
Convert -1230945 (base 10) to base 13.
-341391
What is 33222331222 (base 4) in base 10?
4108138
Convert -22360767 (base 8) to base 14.
-9007d5
Convert -160323 (base 12) to base 9.
-628560
What is 1505441 (base 8) in base 14?
b23cd
What is 2a28 (base 15) in base 14?
3418
Convert -144ea2 (base 16) to base 8.
-5047242
What is 8c6746 (base 13) in base 16?
32c60b
Convert -1100010011100011010110 (base 2) to base 10.
-3225814
-5aa566 (base 11) to base 5
-221400102
Convert 14aa99 (base 11) to base 7.
1663632
Convert -2c82b0 (base 14) to base 4.
-11330221202
What is -1100110101111110010011 (base 2) in base 8?
-14657623
Convert 17172165 (base 8) to base 4.
33033101311
Convert -1771480 (base 11) to base 10.
-3003308
Convert -120ca2 (base 13) to base 12.
-189213
-52932 (base 10) to base 16
-cec4
5115013 (base 6) to base 16
3b6f1
10000011100000011 (base 2) to base 12
32b6b
b93840 (base 14) to base 12
2125528
What is -3808b1 (base 15) in base 11?
-1574392
Convert -172230 (base 9) to base 12.
-51853
10110010110001101110011 (base 2) to base 12
1b66183
Convert -10110880 (base 9) to base 10.
-4849299
21ee19 (base 15) to base 4
12023131113
Convert -420553 (base 7) to base 3.
-10200012021
Convert 47378 (base 10) to base 7.
255062
3200304103 (base 5) to base 13
14bb131
What is 4a7cc (base 13) in base 12?
67739
Convert 159a9aa (base 14) to base 9.
21835807
34320110 (base 6) to base 13
2ab025
111233022200 (base 4) to base 13
1246829
What is -634658 (base 9) in base 6?
-12031212
What is -9d3c3 (base 16) in base 4?
-2131033003
What is -13248619 (base 10) in base 15?
-126a7b4
Convert -14353b2 (base 12) to base 14.
-776d26
What is 1186904 (base 11) in base 5?
1011340234
Convert -476a0 (base 12) to base 10.
-96024
Convert -14237 (base 16) to base 12.
-3b89b
Convert -434123413 (base 5) to base 6.
-103542413
110110001000001111000 (base 2) to base 3
10100010001011
230132320 (base 4) to base 3
100020221011
111000011111010101000011 (base 2) to base 11
83a4840
What is 6125 (base 16) in base 2?
110000100100101
Convert e6130 (base 15) to base 16.
b20b6
What is -a1b93 (base 15) in base 12?
-208526
-333497 (base 11) to base 7
-4343012
What is 10011111100011111 (base 2) in base 13?
2b253
Convert -5665412 (base 7) to base 8.
-2541605
Convert -35421353 (base 6) to base 12.
-454859
-24a50 (base 15) to base 16
-1c953
Convert 1413664 (base 7) to base 4.
232003213
What is -2b946b (base 12) in base 7?
-6210116
What is -762b3 (base 12) in base 2?
-100110000100100111
What is 212021110010 (base 3) in base 16?
6fd9b
What is 162651560 (base 7) in base 4?
222022323302
Convert 5cc0b7 (base 14) to base 5.
1303330301
What is -40023342 (base 5) in base 15?
-63182
1014123 (base 5) to base 6
205420
70b73 (base 12) to base 16
23d87
Convert 1829659 (base 11) to base 12.
1057198
Convert -1345245 (base 8) to base 4.
-1130222211
93517 (base 12) to base 10
192547
Convert 2053666 (base 7) to base 4.
330231202
What is -825231 (base 9) in base 7?
-4105450
-220408 (base 9) to base 12
-64168
What is -11268366 (base 10) in base 12?
-3935066
1111100010011000 (base 2) to base 3
10020022001
Convert -5232451 (base 7) to base 5.
-130124410
369e2 (base 15) to base 3
22212011212
What is ed48a0 (base 15) in base 9?
23240266
-238123 (base 9) to base 8
-430543
What is -2212202222 (base 3) in base 13?
-1ca66
What is 412bb1 (base 12) in base 15?
1528c7
What is -205314 (base 7) in base 6?
-432143
-53114111 (base 6) to base 12
-628937
-1443431120 (base 5) to base 9
-7277385
16a3a92 (base 12) to base 3
22211102200102
What is -31112300 (base 6) in base 5?
-212133301
Convert 55523 (base 10) to base 8.
154343
What is 1011401331 (base 5) in base 11?
1187446
9edae (base 15) to base 10
505964
Convert 1c58c4 (base 14) to base 15.
1507d6
What is 90c531 (base 13) in base 14?
639a2a
What is 603387 (base 9) in base 6?
11351511
465332 (base 7) to base 6
1442355
What is 32a83b (base 13) in base 7?
13103065
What is 1000110001010110 (base 2) in base 15?
a9a1
560708 (base 9) to base 8
1216522
6f1fc (base 16) to base 11
290a76
Convert 226022 (base 8) to base 12.
38556
Convert -50433 (base 12) to base 16.
-19767
370878a (base 11) to base 10
6453633
Convert -771626 (base 12) to base 7.
-22030014
232210133 (base 4) to base 2
101110100100011111
120796 (base 13) to base 9
724417
Convert 32636 (base 11) to base 15.
e06a
1000011010110100 (base 2) to base 10
34484
What is 110664066 (base 7) in base 3?
110121122112210
What is -71b82 (base 12) in base 6?
-3103442
-804306 (base 13) to base 9
-5541266
What is 10ab29 (base 14) in base 8?
2124241
Convert 4433a57 (base 11) to base 9.
15566580
What is 470335 (base 8) in base 14?
42421
7a465 (base 14) to base 7
2345355
Convert -2001301221 